Calculate the remainder when 29 is divided by y(-7).
11
Let r = 49 + -27. What is the remainder when 42 is divided by r?
20
Let z(r) = 7*r - 12*r + 3 + 8*r + r**2. Let k = -11 + 49. Calculate the remainder when k is divided by z(-5).
12
Suppose -4*z = -0 - 4. Calculate the remainder when 9 is divided by (-4)/z + 11 + -4.
0
Let r(q) = q + 16. Let w = 12 + -23. Calculate the remainder when (-3)/((-5)/(140/6)) is divided by r(w).
4
Suppose -2*j + 3*j - 4 = 0. Suppose 0 = -j*g - q + 60, 6*q - 30 = -2*g + 3*q. Suppose 2*h - g = h. What is the remainder when 28 is divided by h?
13
Let w = 13 + -3. What is the remainder when 19 is divided by w?
9
Let d(a) = -a + 21. Calculate the remainder when 112 is divided by d(-17).
36
Suppose 4*n = 2*n + 42. Let a = 23 + n. Suppose 0 = 3*z - 3*s - 33, -2*z = -4*z - s + 34. Calculate the remainder when a is divided by z.
14
Let y = -203 - -388. What is the remainder when y is divided by 31?
30
Suppose 2*c + 6 = 0, -4*c = -5*j + 127 - 5. What is the remainder when 84 is divided by j?
18
Let x = -8 - -7. Calculate the remainder when (x/(-1))/((-7)/(-196)) is divided by 10.
8
Let g be (-26)/(-2) - (-1 + 2). Let k be 68/g + (-4)/6. Suppose 0 = -s - 0*s + k*o - 23, 2*o - 18 = -4*s. What is the remainder when s is divided by 2?
0
Suppose -4*p = c - 49, -3*p + 14 - 1 = -4*c. Calculate the remainder when 19 is divided by p.
8
Suppose 5*a + 2*z - 48 = 0, -3*a - 5*z = -2*a - 5. Let q(i) = 8*i + 4. Calculate the remainder when q(3) is divided by a.
8
Suppose -62 = -2*u - o, 6*u - 177 = u + 3*o. Suppose -26 = -2*s - 2. What is the remainder when u is divided by s?
9
Let s(k) = 5*k - 3. Let v = 8 + 3. Suppose 2*u - v + 1 = 0. What is the remainder when 64 is divided by s(u)?
20
Suppose -4*u = -18 + 2. Let i(o) = 6*o - 3. Let t be i(u). Suppose -n + t = 4. What is the remainder when 50 is divided by n?
16
Let r = 59 - 32. Let f(u) = -u**3 + 15. Calculate the remainder when r is divided by f(0).
12
Suppose -7*g + 304 + 165 = 0. Calculate the remainder when g is divided by 23.
21
Let n(m) = -3*m**2 + 11*m. Let s(p) = -13*p**2 + 44*p + 1. Let a(t) = 9*n(t) - 2*s(t). Calculate the remainder when a(8) is divided by (-20)/3*6/(-5).
6
Suppose -3*r = -r - 30. Calculate the remainder when 53 is divided by r.
8
Let d be (-3)/6*-13*-4. Let l = 17 + d. What is the remainder when ((-6)/l)/((-1)/(-24)) is divided by 9?
7
Let p = -685 + 693. Let r(c) = c**2 + 7*c + 9. What is the remainder when p is divided by r(-6)?
2
Let i(d) = d**3 - 6*d**2 + 3*d - 8. Calculate the remainder when 16 is divided by i(6).
6
Let p be -4 - (-3 + -6)/1. Suppose p*n - 31 = -5*l + 29, -4*l + n = -43. Let k = 8 + -4. What is the remainder when l is divided by k?
3
Let o = -53 - -74. Calculate the remainder when 59 is divided by o.
17
Let d(b) = -b**3 - 5*b**2 - 7*b - 6. What is the remainder when 16 is divided by d(-4)?
4
Let w = -13 - -20. What is the remainder when 18 is divided by w?
4
Suppose -2*b = 4*x + 2, -13 = 3*x + 2. Let j(d) = 2*d**2 - 7*d + 2. What is the remainder when j(5) is divided by b?
8
Suppose 5*w = -32 + 12. Let c be 1 + w - (-2 - 4). Suppose -c*p + 92 = p. Calculate the remainder when p is divided by 12.
11
Let j(d) = d**3 - 11*d**2 + 12*d - 1. Let m = 4 - -6. Suppose 0*w - 4*w - 5*h + 230 = 0, 2*h + 106 = 2*w. Calculate the remainder when w is divided by j(m).
17
Let b(t) = -3*t - 2. Let a be b(-8). Suppose u - d = 35, -u + 54 = -2*d + a. What is the remainder when u is divided by 20?
18
Let v = -5 + 16. Let u = 57 - 36. What is the remainder when u is divided by v?
10
What is the remainder when 35 is divided by (81/(-12))/((-6)/16)?
17
Suppose b + k = -9, -2*k - 45 = -0*b + 5*b. Let u = b - -15. Let t = -39 - -43. Calculate the remainder when u is divided by t.
2
Let n = 30 + -5. Let d = 203 + -155. What is the remainder when d is divided by n?
23
Let x = -155 + 179. What is the remainder when 41 is divided by x?
17
Let s = -9 + 17. What is the remainder when s is divided by (1 + 0 - 2)/(10/(-50))?
3
Let j(y) be the second derivative of y**5/20 + 2*y**4/3 + y**3/6 - y**2 - 2*y. Suppose 50 = 4*w - 6. What is the remainder when j(-7) is divided by w?
12
Suppose o - 12 = -3*k + 11, 0 = 5*o - 2*k - 30. Suppose -r + o = r. What is the remainder when 4 + (1 - (-1 - 0)) is divided by r?
2
Suppose 4*d = d + 9. Suppose 5*s + 0*v - 295 = 5*v, -d*s = -5*v - 171. Suppose w - 5*w = 20, x - 6 = -2*w. Calculate the remainder when s is divided by x.
14
Suppose 0*z = -b + 3*z + 5, -5*b = 4*z - 44. Suppose -2*a = -0*a + b, -31 = -3*x - 5*a. Suppose -39 = -4*f + x. What is the remainder when f is divided by 5?
4
Let v(l) = -8*l**2 + l - 1. Let z be v(1). Suppose -2*b - 5*j - 13 = 0, j - 29 - 44 = 5*b. What is the remainder when (4 + 4)*b/z is divided by 8?
6
Let f(w) = -w**3 - 12*w**2 - w - 7. Let l be f(-12). Suppose -l*p - 130 = -2*i - 43, 3*i = -4*p + 73. Calculate the remainder when i is divided by 8.
7
Let y(a) be the second derivative of a**3/6 + 3*a**2/2 + a. Suppose 8*r = 4*r + 108. Calculate the remainder when r is divided by y(4).
6
Suppose -2*d = 5*p - 15, 0 = -p - 0*p + 1. Suppose -3*u + u = 4*q - 172, 144 = 4*q - d*u. Suppose q = 3*y - 40. Calculate the remainder when y is divided by 14.
13
Suppose 5*b - 12 = 8. Suppose 0 = h + 2*k - 0*k - 11, 5*k = 5. Calculate the remainder when h is divided by b.
1
Suppose 271 = 3*x + 2*x - 2*h, 0 = -4*x - 3*h + 203. What is the remainder when x is divided by 18?
17
Let m(k) = k**2 + 8*k + 6. Let h be m(-5). Let d be 3/h - 3/(-9). Suppose d = 3*z - 4*z + 13. Calculate the remainder when 23 is divided by z.
10
Suppose 0*l = 4*l - 12. Let y = -16 + 20. Calculate the remainder when y is divided by l.
1
Let q(w) = -31*w**3 + w + 1. What is the remainder when 123 is divided by q(-1)?
30
Let v = 17 + -5. Suppose -y + 4 + v = 3*q, y + 2*q - 18 = 0. What is the remainder when y is divided by 6?
4
Suppose 0 = 5*d - d - 156. Calculate the remainder when d is divided by 22.
17
Suppose i = -b - 3*i + 14, 4*i = -3*b + 50. Calculate the remainder when 71 is divided by b.
17
Let d(k) = -3*k**3 + 2 + 0*k**3 - 4*k**2 - 4*k + 4*k**3. Suppose 0 = -3*h + 2*h + 20. What is the remainder when h is divided by d(5)?
6
Let n(a) = -8*a - 13. What is the remainder when n(-7) is divided by 11?
10
Suppose r = -3 - 0. What is the remainder when 10 is divided by 14*1/2 + r?
2
Suppose -3*r - 4*a = -3*a - 409, -5*r - 2*a = -681. Calculate the remainder when r is divided by 35.
32
Suppose -n - 198 = -4*n. Suppose -f + 5*g = f - n, 3*g - 34 = -2*f. Let c(r) = -3*r - 4. Calculate the remainder when f is divided by c(-4).
7
Let a(l) be the first derivative of l**4/4 - 4*l**3/3 - 3*l**2/2 - 6*l + 1. Calculate the remainder when 4/(-6) - 46/(-6) is divided by a(5).
3
Suppose -5*k - 2*y = -82, -k + 2*y = -9 - 17. Let d = 26 - k. What is the remainder when 13 is divided by d?
5
Let b be (-8)/(-3)*3/(-2). Suppose -5*y - 5*r + 42 = -3, -5*y - 3*r = -49. What is the remainder when y is divided by -1 + 1 - (b + 0)?
3
Suppose 8*c = 197 + 3. Suppose -o = 3*o + 52. Let i = 20 + o. What is the remainder when c is divided by i?
4
Let h(u) = -6*u**3 - 2*u**2 + 1. What is the remainder when 18 is divided by h(-1)?
3
Let q(s) = -2*s + 3. Let z be q(-3). Suppose -2*i + 3 = -29. Suppose 3*x + o - 9 = z, 0 = 5*x - 3*o - i. Calculate the remainder when 14 is divided by x.
4
Let s = -38 - -82. Suppose -x - 3*x = -s. Calculate the remainder when 20 is divided by x.
9
Suppose 77 = -4*z + 25. Let m = z - -32. Calculate the remainder when m is divided by 7.
5
Suppose -2*c = -3*c + 5. Suppose 4 - 19 = -c*w. Suppose -3*v - 2*v + 55 = -f, -4*v - w*f + 63 = 0. Calculate the remainder when 22 is divided by v.
10
Let x(d) = d + 6. Let z be x(-7). Let m be (z + (-1)/2)*-12. Let o = -7 + m. Calculate the remainder when 32 is divided by o.
10
Suppose 13*w + 132 = 9*w. Let l = 86 + w. What is the remainder when l is divided by 27?
26
Let y be 4/(-18) + (-114)/(-27). Let m = y + -13. Let j = -4 - m. What is the remainder when 17 is divided by j?
2
Let i(h) = 2*h + 10. Let s(d) = -3*d - 10. Let w(v) = 4*i(v) + 3*s(v). What is the remainder when 19 is divided by w(0)?
9
Let j = -6 - 2. Let o = 5 + j. Let d = 13 + o. Calculate the remainder when 28 is divided by d.
8
Suppose 5*x 